t r be 3/((-24)/86)*16. Let z = 94 + r. Let h = z - -130. What is the highest common factor of 13 and h?
13
Let b = 767 + 65. What is the highest common factor of b and 52?
52
Let i be (21/9)/(2*4/24). Let o(p) = -p - 4. Let c be o(0). Let u be (-114)/(-2) + 3 + c. Calculate the highest common divisor of u and i.
7
Let c be 4/(-18) + 1589/63. Suppose 7*v = 6*v + 4, 0 = 4*d - 5*v - 80. Calculate the greatest common divisor of d and c.
25
Let g be 15 + (-1)/((-4)/32*-2). What is the greatest common divisor of g and 319?
11
Suppose -3*v = -6 - 3. Suppose v*z - 2*m = 56, 10 = -3*z + 3*m + 64. Calculate the highest common divisor of z and 140.
20
Let v be (-5)/(175/(-1554)) - (-3)/5. What is the highest common factor of v and 1845?
45
Let h be 227/(-454)*(0 - 1 - 15). Suppose -4*w + 16 = -2*w. What is the highest common divisor of h and w?
8
Suppose -8*o + 6*o = 8, 348 = 2*p - 3*o. Calculate the greatest common factor of p and 56.
56
Let a be (5/(-6))/((-4)/24). Suppose -2*i = a*j - 3*i - 45, j = -i + 3. Let c = -6 + j. What is the highest common factor of 16 and c?
2
Suppose 23 = 4*m + 3. Suppose 5*f = -m*a + 330, a = 5*a + 12. Let y = f + -30. Calculate the highest common divisor of y and 26.
13
Let p = 639 - 319. Suppose 0 = v - 6*v + p. Suppose -r - 4*r = -5*y - 30, -3*r = 3*y - 30. What is the greatest common divisor of r and v?
8
Suppose 9*w = 6562 - 1378. Calculate the highest common divisor of w and 36.
36
Suppose 2*v = q - 1 + 92, -2*q + 214 = 5*v. Let s = -530 + 563. Calculate the highest common divisor of v and s.
11
Suppose -3*u - 4 = -454. What is the highest common divisor of u and 1725?
75
Suppose 5*p + 25 = 0, 4*v - p - 4*p = 33. Suppose 99 = 3*s + v*m, -m - 3*m + 105 = 3*s. Suppose 3*l + 1 = s. What is the greatest common factor of 110 and l?
10
Let f be 454 - ((-55)/11 - -18). What is the greatest common divisor of 49 and f?
49
Suppose -47 = -16*d + 65. What is the greatest common factor of d and 301?
7
Suppose 0 = -3*g - 5 - 154. Let x = 71 + g. What is the greatest common divisor of 6 and x?
6
Let z = 2107 - 2027. What is the highest common divisor of z and 220?
20
Let i(z) = 4*z**2 - 73*z - 21. Let m be i(19). Calculate the highest common divisor of 1296 and m.
36
Suppose -12*t + 6*t = -5700. What is the greatest common factor of t and 38?
38
Let z(f) = -f**3 - 5*f**2 + 5*f - 3. Let u = 12 + -35. Let t = u - -16. Let v be z(t). What is the greatest common divisor of 24 and v?
12
Let g(w) = 2*w**2 - w - 1. Let c be g(2). Suppose -2*y - c = 3. Let u be y/(-8)*(0 + 22). What is the greatest common factor of u and 33?
11
Let p = 20 - 17. Suppose -2*w + 20 = 2*w. Let s = w - -19. Calculate the highest common divisor of s and p.
3
Let m(v) = v**3 - 20*v**2 + 70*v + 1. Let j be m(16). Calculate the highest common divisor of j and 4171.
97
Suppose -21 = 5*t - 81. Let q(o) = o**3 - 13*o**2 + 13*o - 14. Let v be q(t). Let m be 1/2*554 + v. Calculate the greatest common factor of 25 and m.
25
Suppose -q = 5*x - 46, -3*x - 5*q - 1 = -33. Let y = 6569 + -6488. What is the greatest common factor of x and y?
9
Suppose -10*x + 4*m - 12 = -9*x, -4*x - 4*m = -32. Suppose -b - 22 = -3. Let i = b - -47. Calculate the greatest common divisor of x and i.
4
Let m be -7*(1 + (-95)/35). Let x be 1*3 + (15 - m). Calculate the highest common factor of x and 54.
6
Suppose -2*n + 632 = 4*r - 32, 4*r - 20 = 0. Calculate the highest common divisor of 42 and n.
14
Suppose -73 + 339 = -10*c + 24*c. Let o(q) = 4*q - 1. Let t be o(1). Suppose 596 + 31 = t*j. Calculate the greatest common divisor of j and c.
19
Let b be 66/4 + 3/6. Let y(g) = g**3 - 9*g**2 + 7*g - 12. Let w be y(8). Let t = 65 - w. What is the highest common divisor of t and b?
17
Let f be 15/3 + (-420)/(-7). Calculate the highest common divisor of f and 20.
5
Let i = -258 - -269. What is the greatest common divisor of i and 1?
1
Suppose 0 = -5*v - y - 0*y - 34, 0 = 3*y - 3. Let n = -3 - v. Calculate the highest common factor of n and 28.
4
Let z(h) = -h**2 - 11*h - 9. Let m be z(-9). Let u(o) = -45*o - 2. Let q be u(-2). Let y = 169 - q. Calculate the highest common divisor of m and y.
9
Let m be 648/(-756)*-6*(-7)/(-2). What is the highest common factor of 117 and m?
9
Let c be (-144)/(-20) + -1 + (-4)/(-5). Suppose -5*r + g = -61, 3*r + g + c = 42. What is the greatest common factor of 18 and r?
6
Let o be (-8)/(-16)*2*8. Suppose 0 = -5*d + 2 + o. Let k be (-9)/d*(3 + -5). What is the greatest common factor of k and 9?
9
Let b(d) = 17*d + 18. Suppose -3*k + 6 = -2*k. Let h be b(k). Calculate the highest common factor of 15 and h.
15
Let x(s) = -s**3 + s**2 + s + 1. Let a(c) = 2*c**3 - c**2 + 2*c - 11. Let q(m) = -a(m) - 3*x(m). Let z be q(4). What is the highest common factor of z and 60?
20
Suppose -13*l + 35*l = 396. Calculate the highest common divisor of 4 and l.
2
Let g(d) = -2 + 3 + 68*d - 109*d - 92*d. Let x be g(-1). Suppose -3*h + x = 2*j, -h + 66 = 3*j + 12. Calculate the highest common divisor of 28 and h.
14
Let x = -22 + 59. Calculate the greatest common factor of 1 and x.
1
Let f(p) = 5*p**2 + 28*p + 59. Let c be f(-13). Calculate the highest common divisor of 40 and c.
20
Let m(c) = -32*c**3 - c**2 + 2*c - 1. Let r be m(1). Let o = -27 - r. Calculate the greatest common divisor of 25 and o.
5
Let s(k) = -10*k + 52. Suppose -5*u = -p + 34, 0*u - 3*u - p = 14. Let g be s(u). Calculate the highest common factor of 14 and g.
14
Let m = -12 - -41. Let k = m + -24. Calculate the greatest common factor of k and 2.
1
Let a be (-435)/(-63) - (124/21 - 6). Calculate the greatest common divisor of 35 and a.
7
Let u(y) = y**3 - 8*y**2 + 21*y - 112. Let i be u(8). What is the greatest common divisor of i and 16?
8
Suppose 0 = -3*t - 4*n + 50, -16*t + 3*n + 8 = -15*t. Calculate the highest common factor of 308 and t.
14
Suppose 3*r - 128 = 5*j, 2*j = -3*r - 0*r + 142. Suppose -3*u - r = -u. Let k = -11 - u. Calculate the greatest common factor of k and 132.
12
Let d be 6/(-9) + -2 + 58/6. What is the highest common divisor of d and 77?
7
Suppose 2*n = -0*n + 10. Let v(x) = -950*x + 5705. Let z be v(6). What is the highest common factor of n and z?
5
Let g = 7107 - 5011. Calculate the highest common factor of g and 16.
16
Suppose 11 = -d - w - 4*w, 3*w = -d - 7. Let s(b) = -40*b - 2. Let c be s(d). What is the highest common factor of c and 418?
38
Let z be ((-5)/20)/(4/(1 + -17)). What is the greatest common divisor of z and 39?
1
Let x be 42/(-3)*(-4 - -2). Calculate the greatest common divisor of 364 and x.
28
Suppose 5*m = 12 + 8. Suppose -3*w + i = 3*i - 189, -12 = m*i. Calculate the highest common divisor of 26 and w.
13
Let d be ((-9)/18 - (-6)/4) + 9. What is the greatest common factor of 80 and d?
10
Suppose 4*z + 154 = 5*l, -2*z + 95 + 49 = 4*l. Let t be 10/(-45) + 9764/36 - -1. What is the highest common factor of t and l?
34
Let d = -43 + 61. Let k = -73 - -77. Let o = 22 - k. Calculate the greatest common divisor of o and d.
18
Suppose z = -0*z - 49. Let h = z - -81. Suppose 37 = 3*t + 5*o, 0 = -4*t + 2*o - h + 90. What is the greatest common divisor of t and 7?
7
Let n be -4 - (-14)/21*123. What is the greatest common factor of 65 and n?
13
Let p be 0 - 3 - (-5 - 40). What is the highest common divisor of 2 and p?
2
Suppose 0 = 3*d + 4*b + 19, -10*b = 3*d - 14*b + 11. Suppose 0 = -3*k + 6, 4*k + 47 = 6*w - w. Let z = d + w. Calculate the highest common divisor of 66 and z.
6
Suppose 55*n - 1811 - 829 = 0. What is the greatest common factor of n and 240?
48
Suppose 3*b + 4 = 3*v - 218, 3*b + 150 = 2*v. Calculate the highest common factor of 24 and v.
24
Let j = 166 - 108. What is the greatest common divisor of 87 and j?
29
Let r = -105 + 156. Calculate the greatest common factor of 357 and r.
51
Suppose s + v = 202, -2*s - 3*s + 2*v + 1024 = 0. Calculate the highest common factor of s and 51.
51
Suppose 0 = -6*k + 524 - 188. Calculate the highest common divisor of 42 and k.
14
Suppose -9*a + 42 = 6. Suppose a*h = 2 + 2, -2*n + 3*h + 3 = 0. Let r be 2*1 - (2 - 2). What is the highest common divisor of r and n?
1
Suppose 3*c - 3 = 2*c, -m = 5*c - 36. Suppose 0*w - m = -w. Calculate the greatest common factor of 189 and w.
21
Let i(y) = -4*y**3 - 11*y**2 + 5. Let g be i(-3). Wha